ose 25 = 2*b + 3*b. Give i(b).
23
Let p(r) = 6*r**2 + 2*r - 2. Let h = -113 + 233. Let z be 2/9 + h/(-54). Calculate p(z).
18
Let p be -1*1/((-2)/(-4)). Let y be 3/(-2 - (3 + -6)). Let f(z) = -4*z - 5*z**3 - z**2 + z**3 - z**2 + y*z**3 - 3. Calculate f(p).
5
Let k(p) be the second derivative of 2*p + 0 - 1/3*p**3 - 1/2*p**2. Calculate k(4).
-9
Let y(n) = -3*n - 2. Let v = 21 - 16. Suppose -6 = -4*k + k + v*w, -3*k + 4*w + 3 = 0. Determine y(k).
7
Let k(i) = 4*i - 5. Suppose -4*p = -5*r + 10, -5*p = 3*r - p - 38. Calculate k(r).
19
Let j(x) = 2*x + 3. Let a(b) = -3*b - 6. Let s(u) = 3*a(u) + 5*j(u). What is s(-4)?
-7
Let f be 2/(-5) - (-8)/20. Let q(x) = 2 - 2*x + x + f - 2*x**2. Give q(2).
-8
Let s(t) = -3*t**2. Let b be 7 + (-2)/1 + 3. Let k = b - 6. What is s(k)?
-12
Let c = -18 - -17. Let l(g) = g**2 - g - 1. Calculate l(c).
1
Let k(c) be the third derivative of -c**4/8 - c**3/3 - 18*c**2. Calculate k(7).
-23
Let z(c) = -5*c + 1. Let i(x) = -11*x + 1. Let b(o) = 6*i(o) - 13*z(o). What is b(0)?
-7
Let o(c) = 11 - 9 + c - 3. What is o(-9)?
-10
Suppose -4*p + 2*x + 15 + 3 = 0, 0 = 5*p - 3*x - 23. Let c(y) = -y**3 + 2*y**2 + 4*y + 3. Determine c(p).
-13
Suppose -70 = -4*w + 2. Let c be (-30)/5*(-15)/w. Let a(n) = -2*n + 7. Give a(c).
-3
Let t(x) = -x**2 + 2*x - 13. Let h(z) = z**2 - 3*z + 12. Let p(k) = 7*h(k) + 6*t(k). Calculate p(9).
6
Let k(u) = -10*u - 1. Let m = 13 + -8. Suppose m*j = -0*j + 5. What is k(j)?
-11
Let f(b) = -b**3 + b**2 + 1. Let d(z) = 11*z**3 - 4*z**2 - 2*z - 3. Let h(k) = d(k) + 4*f(k). What is h(1)?
6
Let b be -2 - -7 - (-1 + 6). Let q(c) = -c**2 - c - 17. What is q(b)?
-17
Let j(x) = -2*x**3 + 3*x - 2. Let h be 3*5/30*4. Calculate j(h).
-12
Suppose 2*n - 20 = 2*f, 0 = -2*n - 5*f - 1 - 7. Let d(x) = x**3 - 6*x**2 - 2*x + 8. What is d(n)?
-4
Suppose 0 = -5*x + 1 - 11. Let z(w) = w**3 - w**2 - 4*w - 3. Calculate z(x).
-7
Let p = 1 - 5. Let c = -2 - -7. Let y(j) = 5*j - 14. Let o(f) = 4*f - 13. Let w(n) = c*y(n) - 6*o(n). Determine w(p).
4
Let v(g) = g**2 - g**2 + g**2 + 5*g. Let p be (-30)/(-9)*(-3)/2. Calculate v(p).
0
Let v(x) = -x + 3 + 4*x**2 - 3. Suppose -t + 12 = 2*t, -5*m + 5*t - 15 = 0. Give v(m).
3
Let s(p) = p**2 - p + 1. Let l(z) = -2*z**2 + z - 1. Let i(g) = -4*l(g) - 7*s(g). Suppose -2 = -3*o + 4. Give i(o).
7
Let c be (-3)/(-9) - 33/(-9). Suppose -c*t - t = -10. Let m(p) = -7*p - 3 - 7*p**t + 5 - 4 - p**3 + 1. Give m(-6).
5
Let h(l) be the second derivative of 0 - 1/2*l**2 + 1/40*l**6 - 3*l + 1/6*l**3 - 1/30*l**5 + 0*l**4. Let w(g) be the first derivative of h(g). What is w(-1)?
-4
Suppose 10 + 2 = -2*q. Let y(u) be the third derivative of -u**4/24 - 5*u**3/6 + u**2. Give y(q).
1
Let a(q) = -8*q**2 - 7*q + 17. Let y(r) = 3*r**2 + 2*r - 6. Let k(p) = -4*a(p) - 11*y(p). Determine k(4).
6
Let y(u) be the third derivative of -1/60*u**5 + 0*u + 1/24*u**4 + 5*u**2 - 1/2*u**3 + 0. What is y(0)?
-3
Let i(m) be the third derivative of -m**5/60 - m**4/24 - 2*m**3/3 - 2*m**2. Let y(a) be the first derivative of i(a). What is y(-3)?
5
Suppose 2 = 4*w - 10. Let a(t) = t**3 + 3*t**w - 6 - 4*t**3 - 4*t**2 + 2*t - t**3. What is a(-5)?
9
Suppose 0 = -4*i - 2*r - 12, -i = -3*r - 1 - 3. Let v(f) be the first derivative of -3/2*f**2 - 1/4*f**4 + 2 - f - 1/3*f**3. Give v(i).
9
Let x be (-5)/(-1)*4/10. Suppose 0 = -4*u - 4, 3*s + 0 - 20 = 5*u. Let i(k) = k**2 - 3*k**2 + s*k**2 - 4*k + 3. What is i(x)?
7
Let a(g) = 8 + 6*g - 2*g - 6 + g**2 + 0*g**2. Calculate a(-2).
-2
Suppose 0 = 2*v + 2 - 10. Suppose x + 15 = v*x. Let k(g) = -g**3 - g**2 + g. Let i(o) = -5*o**3 + o**2 + 3*o - 2. Let u(w) = -i(w) + 4*k(w). Calculate u(x).
7
Let p(x) = -x**3 + 5*x**2 + 2*x - 7. Let r be p(5). Let v(q) = 2*q**3 + 0*q**3 - 4*q**r + q**3. Calculate v(-1).
1
Let h(q) = q**3 - 5*q**2 - 5*q - 3. Let j be h(6). Let f(w) = w + 11. Let g(y) = -y - 11. Let l(r) = j*g(r) + 4*f(r). Let m = 2 - 7. Give l(m).
6
Let l = -7 - -3. Let z(t) = 2*t**2 - 3*t + 2. Let s be z(2). Let x(u) = 3 - 3 + u**2 + 4*u - s + 0*u**2. What is x(l)?
-4
Let s be -7*(4/14)/(-1). Let x(n) = -2*n**3 - s + 5*n**2 + 3*n**3 - 2*n**3 - n. Let p = 50 + -45. Determine x(p).
-7
Let r(a) = 6*a**3 - a**2 + 8*a - 7. Let o(d) = 7*d**3 + 9*d - 7. Let h(y) = 5*o(y) - 6*r(y). Determine h(6).
-11
Let h be 2 + 0 + 5/5. Let u be 2 + -2 + (-3)/(-1). Let k(x) = x - 2*x**u + 2 + 4*x**2 + 3*x + x**h. Give k(5).
-3
Let f(o) = o**2 - 10*o + 27. Let h be f(5). Let z(d) = 2*d**2 - 2. Determine z(h).
6
Let x(d) = 4*d - 1. Let u(k) = -9*k + 2. Let r(q) = 3*u(q) + 7*x(q). Give r(3).
2
Let f(g) = 2*g - 8. Let d be f(6). Let o(l) = -d - 4*l**3 - 6*l**2 + 5*l + 5*l**3 - 1. Let v be (-1)/(((-3)/(-15))/(-1)). Determine o(v).
-5
Let q(j) = 3*j**2 - j - 7. Let d(x) = -2*x**2 + x + 6. Let p(f) = 4*d(f) + 3*q(f). Suppose -z = -2*l - 10, -2*z - 2*z = l + 5. Give p(z).
3
Let r = -46 - -104. Suppose h = -4*t - 2*h + 57, 0 = -4*t - 2*h + r. Let i be 51/t + 4/(-10). Let d(l) = 2*l - 1. Give d(i).
5
Let z(o) = 5*o. Let g(k) = -9*k + 1. Let w(d) = 6*g(d) + 11*z(d). Give w(-6).
0
Let f(a) be the third derivative of -a**4/8 - 5*a**3/6 - a**2. Give f(-8).
19
Let v(z) = -z**3 - z**2 + z - 1. Let p(i) = -7*i**3 + 3*i**2 - 1 + 0*i**2 + i - i**2 - 4*i**2. Let g(s) = -p(s) + 2*v(s). What is g(1)?
5
Let w(q) = 4*q - 3 + 9 - 3*q. Let o be w(-5). Let t(r) = -9*r + 1. Give t(o).
-8
Let b(j) = j**2 - 4*j + 5. Let v(m) = -5*m - 28. Let a be v(-7). Give b(a).
26
Let n(d) be the second derivative of -d**4/12 + 5*d**3/6 - 3*d**2/2 - 2*d. Suppose 9 = -2*x + 5*x. Calculate n(x).
3
Let v(d) be the first derivative of d**4/4 + d**3 + 3*d**2/2 + 4*d + 1. Suppose 2*j = -2*o + 22, -j = -2*o - 0*o + 4. Let n be -5 + 0 + j/3. Calculate v(n).
-5
Let u = 7 + -3. Suppose -3*x + 14 = -4*s, -3*x = u*s - 0*x + 26. Let f(p) be the first derivative of -p**4/4 - 5*p**3/3 + p**2/2 - 3*p + 4. What is f(s)?
-8
Let j be (-8)/(-4)*(-1)/(-2). Let g(z) be the second derivative of z**6/720 - z**5/120 - z**4/6 - z. Let u(c) be the third derivative of g(c). Give u(j).
0
Let b(c) = c**3 - c - 1. Suppose 0 = -3*y + 2 + 1. Let f(s) = -2*s**3 + 4*s**2 - 2. Let p(m) = y*f(m) + b(m). What is p(3)?
3
Let i(z) = -2*z + 3. Suppose -5*k = 5*t - 10, -5*t + 7 = 3*k - 9. What is i(k)?
9
Suppose -10*w - 15 = -5*w. Let v(d) = -2*d + 2*d - 2 - 6*d. Give v(w).
16
Suppose 0 = 2*x - 6*x + 20. Suppose -4*i - 4*a + 39 = 11, 11 = -i + x*a. Let f(z) = -z**2 + 4*z - 6. What is f(i)?
-6
Let a(m) = m**2 + 3*m - 7. Let d(s) = -s**3 + 11*s**2 - 3*s + 26. Let g be d(11). Give a(g).
21
Let b(h) = h**3 + 2*h**2 - 4*h - 2. Let w be (6/(-10))/(2/10). Give b(w).
1
Let x(m) = -m**2 + 6*m - 7. Let j be 1 + (-1)/((-2)/8). Give x(j).
-2
Let n(r) = -12*r**3 - 6*r + 6. Suppose 4*p - 6 = -h + p, 2*h - 5*p - 12 = 0. Let c(m) = -11*m**3 - 5*m + 5. Let s(x) = h*n(x) - 7*c(x). What is s(1)?
5
Let c(n) = -14*n**2 + 17*n - 3. Let p(a) = 9*a**2 - 11*a + 2. Let w(s) = 5*c(s) + 8*p(s). What is w(2)?
3
Let o(s) = 14*s**2 + 4*s + 15. Let h(p) = 5*p**2 + p + 5. Let b(z) = 11*h(z) - 4*o(z). Give b(-4).
-1
Let z(r) = r**3 + 6*r**2 + 6*r + 6. Let f(g) = g**2 - 8*g - 7. Let v be f(9). Suppose -3*w - n = -2*w + 1, -v*w + 5*n - 30 = 0. What is z(w)?
1
Let z(o) = o**3 - o**2 + 2*o + 3. Let s be z(0). Let t(c) be the first derivative of -c**2/2 - 4*c + 2. What is t(s)?
-7
Let d(b) = 5*b**2 + 2*b + 1. Let z(j) = 11*j**2 + 5*j + 2. Let m(p) = -13*d(p) + 6*z(p). Suppose 0 = 4*v + 1 + 19. What is m(v)?
4
Let a(n) = -n + 3. Let j be 171/33 + 2/(-11). Determine a(j).
-2
Let f(m) = 17 - 4 - 12 - m. What is f(5)?
-4
Let b(w) be the first derivative of -w**4/4 - 5*w**3/3 - w**2/2 + 7*w - 4. What is b(-5)?
12
Let m(a) be the first derivative of a**4/4 - 8*a**3/3 + 7*a**2/2 + 5*a - 1. Suppose 7*h + 21 = 10*h. Determine m(h).
5
Let o be 10/4*(1 + 1). Let t(i) = o - 2 + 4*i + 3*i**2 + 0*i**2. What is t(-2)?
7
Let y(s) = -s**2 + 2*s + 4. Suppose g + 2 = 6. Suppose 0 = g*o - 5*o + 3. Determine y(o).
1
Let g(b) be the second derivative of b - 1/12*b**4 + 0 - b**2 - 1/2*b**3. What is g(-2)?
0
Let g = 21 + -26. Let o(q) = q**2 + 7*q + 3. What is o(g)?
-7
Let n be (-42)/12*(-1 - 1). Let i be -1*-11*(0 + -1). Let s = n + i. Let w(q) = q**2 + 5*q + 5. Determine w(s).
1
Let p(i) = -i**2 - i - 1. Let z = -18 - -24. Let s(c) = -c + 4. Let v be s(z). Wha